 divided by 1184.
503
What is the remainder when 22680231 is divided by 1107?
15
Calculate the remainder when 386577 is divided by 128844.
45
Calculate the remainder when 7689680 is divided by 132.
20
Calculate the remainder when 153898 is divided by 3709.
1829
Calculate the remainder when 907716 is divided by 3289.
3241
What is the remainder when 605134 is divided by 637?
621
Calculate the remainder when 1659463 is divided by 414862.
15
Calculate the remainder when 15927 is divided by 3327.
2619
What is the remainder when 147241 is divided by 24538?
13
What is the remainder when 347384 is divided by 531?
110
Calculate the remainder when 38968 is divided by 7724.
348
What is the remainder when 2446683 is divided by 815401?
480
Calculate the remainder when 13395 is divided by 6656.
83
What is the remainder when 2042334 is divided by 408451?
79
Calculate the remainder when 396209 is divided by 34.
7
Calculate the remainder when 6426354 is divided by 288.
210
Calculate the remainder when 60574 is divided by 60011.
563
Calculate the remainder when 2965967 is divided by 174463.
96
Calculate the remainder when 83575 is divided by 1100.
1075
What is the remainder when 1329276 is divided by 2174?
962
What is the remainder when 2116161 is divided by 965?
881
What is the remainder when 64218609 is divided by 539?
532
What is the remainder when 525842037 is divided by 26?
19
Calculate the remainder when 265947 is divided by 3906.
339
Calculate the remainder when 24088760 is divided by 121660.
80
What is the remainder when 448630 is divided by 224219?
192
What is the remainder when 449569 is divided by 458?
271
Calculate the remainder when 175617356 is divided by 2384.
2380
Calculate the remainder when 20343317 is divided by 621.
599
Calculate the remainder when 2166195 is divided by 404.
351
Calculate the remainder when 2515171 is divided by 3688.
3643
Calculate the remainder when 30492498 is divided by 625.
623
Calculate the remainder when 15508 is divided by 7748.
12
Calculate the remainder when 12353910 is divided by 87.
84
What is the remainder when 633565 is divided by 70371?
226
Calculate the remainder when 60569920 is divided by 669.
667
Calculate the remainder when 1411653573 is divided by 24.
21
Calculate the remainder when 44268 is divided by 245.
168
What is the remainder when 55228 is divided by 18402?
22
Calculate the remainder when 4694027 is divided by 1902.
1793
What is the remainder when 377789 is divided by 6671?
4213
Calculate the remainder when 2327704 is divided by 1163837.
30
Calculate the remainder when 166540 is divided by 59.
42
What is the remainder when 104000 is divided by 2345?
820
What is the remainder when 238561 is divided by 18343?
102
What is the remainder when 21817338 is divided by 636?
630
What is the remainder when 5851756 is divided by 5851755?
1
Calculate the remainder when 382517 is divided by 686.
415
Calculate the remainder when 43270 is divided by 14394.
88
Calculate the remainder when 1405933 is divided by 1562.
133
Calculate the remainder when 3538003 is divided by 34.
31
What is the remainder when 13960598 is divided by 83?
81
What is the remainder when 73000544 is divided by 15?
14
Calculate the remainder when 142214 is divided by 142062.
152
What is the remainder when 605989 is divided by 772?
741
Calculate the remainder when 453662 is divided by 3813.
3728
Calculate the remainder when 5948361 is divided by 7.
6
Calculate the remainder when 3005318 is divided by 1001768.
14
What is the remainder when 1753078 is divided by 2151?
13
Calculate the remainder when 106874 is divided by 1094.
756
Calculate the remainder when 186236 is divided by 186210.
26
Calculate the remainder when 1796370 is divided by 12734.
876
What is the remainder when 211607697 is divided by 4676?
4669
Calculate the remainder when 17474652 is divided by 76308.
120
Calculate the remainder when 488282 is divided by 487881.
401
What is the remainder when 7423291 is divided by 168711?
7
What is the remainder when 51539852 is divided by 8589973?
14
What is the remainder when 46926 is divided by 2354?
2200
What is the remainder when 64097534 is divided by 162?
128
Calculate the remainder when 114877 is divided by 56581.
1715
What is the remainder when 1578532 is divided by 42?
4
Calculate the remainder when 387567 is divided by 38753.
37
Calculate the remainder when 468199 is divided by 428.
395
What is the remainder when 6439870 is divided by 73?
29
Calculate the remainder when 933720 is divided by 38888.
408
Calculate the remainder when 38064302 is divided by 2103.
2
What is the remainder when 154727 is divided by 98?
83
What is the remainder when 231191 is divided by 38?
37
Calculate the remainder when 2908831 is divided by 1719.
283
What is the remainder when 44798 is divided by 6293?
747
Calculate the remainder when 2897750 is divided by 2542.
2412
What is the remainder when 1095078 is divided by 1395?
3
What is the remainder when 2271477 is divided by 206491?
76
Calculate the remainder when 2288067 is divided by 2288058.
9
Calculate the remainder when 596314 is divided by 66252.
46
What is the remainder when 75902 is divided by 1432?
6
What is the remainder when 496350 is divided by 165379?
213
Calculate the remainder when 9922041 is divided by 9.
0
Calculate the remainder when 1177315 is divided by 588394.
527
Calculate the remainder when 19217390 is divided by 324.
302
Calculate the remainder when 6721071 is divided by 2263.
2224
What is the remainder when 5065982 is divided by 2679?
2672
What is the remainder when 1920813 is divided by 640263?
24
What is the remainder when 233119432 is divided by 2235?
2227
Calculate the remainder when 1576512 is divided by 603.
270
Calculate the remainder when 22023 is divided by 1285.
178
What is the remainder when 247723676 is divided by 42?
32
What is the remainder when 9728357 is divided by 1740?
17
What is the remainder when 632111 is divided by 104?
103
Calculate the remainder when 371727 is divided by 651.
6
What is the remainder when 6697068 is divided by 2232349?
21
What is the remainder when 120983757 is divided by 3545?
3542
What is the remainder when 25397 is divided by 10377?
4643
Calculate the remainder when 17759 is divided by 17717.
42
What is the remainder when 44351679 is divided by 32?
31
What is the remainder when 759320 is divided by 5096?
16
What is the remainder when 1159429 is divided by 8?
5
Calculate the remainder when 198849 is divided by 22086.
75
What is the remainder when 1706820 is divided by 59?
9
Calculate the remainder when 2905874 is divided by 175.
174
What is the remainder when 3574774 is divided by 3574768?
6
Calculate the remainder when 532342903 is divided by 913.
906
What is the remainder when 24539 is divided by 2838?
1835
What is the remainder when 412407 is divided by 16458?
957
What is the remainder when 106330 is divided by 15?
10
What is the remainder when 23296473 is divided by 941?
136
What is the remainder when 333996 is divided by 113?
81
Calculate the remainder when 32856128 is divided by 83.
80
Calculate the remainder when 890102 is divided by 296691.
29
Calculate the remainder when 1169113 is divided by 781.
737
What is the remainder when 47882 is divided by 1649?
61
Calculate the remainder when 109479 is divided by 27316.
215
What is the remainder when 649230 is divided by 1024?
14
Calculate the remainder when 5924636 is divided by 18.
8
What is the remainder when 119589 is divided by 2098?
3
What is the remainder when 129626814 is divided by 160628?
18
What is the remainder when 132724 is divided by 1151?
359
What is the remainder when 893816 is divided by 94?
64
What is the remainder when 764358 is divided by 784?
742
What is the remainder when 943307 is divided by 235826?
3
What is the remainder when 453682 is divided by 491?
489
What is the remainder when 7880478 is divided by 394022?
38
What is the remainder when 728851 is divided by 1187?
33
Calculate the remainder when 6525630 is divided by 279.
99
Calculate the remainder when 1893943 is divided by 207.
100
Calculate the remainder when 1001374 is divided by 122.
120
What is the remainder when 12133385 is divided by 93?
47
Calculate the remainder when 18217 is divided by 1229.
1011
Wha